divisor of 38 and t?
19
Let t = -50 - -146. What is the highest common divisor of t and 12?
12
Suppose 4*l - 15 - 89 = 0. Calculate the greatest common divisor of l and 65.
13
Let h(g) = -4*g**3 - 3*g**2 - g + 3. Let t(i) = -2*i**2 - 4*i - 3. Let c be t(-2). Let m be h(c). What is the greatest common divisor of m and 29?
29
Let w be (18/(-24))/((-3)/8). Calculate the greatest common factor of w and 16.
2
Suppose 20*a - 34 = 19*a. Suppose -g = g - a. What is the highest common factor of 17 and g?
17
Let b(s) = 4*s - 3. Let h be b(3). Calculate the greatest common divisor of 45 and h.
9
Let u(n) = n + 9. Let t be u(-6). Suppose -m + 96 = t*m. Calculate the greatest common divisor of 12 and m.
12
Suppose 45 = -5*u + 160. Suppose 0 = -5*y - 0 + 10, 3*v = 2*y + 755. What is the highest common divisor of v and u?
23
Let v(s) = 48*s + 3. Let f be v(2). Let h(d) = -12*d**3 + 2*d + 1. Let b be h(-1). What is the highest common factor of b and f?
11
Suppose -4*c + 3 = -9. Suppose -c*s + 48 = -s. Let h(x) = 7*x + 12. Let t be h(12). Calculate the highest common factor of t and s.
24
Suppose 0 = 5*d - 104 - 316. Calculate the greatest common factor of d and 12.
12
Let z(n) = 10*n**2 - 3*n + 4*n - n. Let m be z(1). Suppose -5*p + m*p = 20. What is the greatest common factor of 28 and p?
4
Let a = -1 - -2. Let d(f) = 3*f**2 + 1. Let h be d(a). Suppose -16 = -0*j - 2*j. What is the greatest common factor of h and j?
4
Suppose 0*c = -r - 2*c - 84, 0 = -2*r + 3*c - 189. Let s be 297/(-12) + 2/(-8). Let k = s - r. Calculate the greatest common factor of k and 13.
13
Suppose 2*o - 365 = 7*o. Let z = 125 + o. Calculate the highest common factor of z and 13.
13
Suppose 3*m + 2*z = -m - 68, -2*m - 5*z - 34 = 0. Let w be (m/(-3))/((-3)/(-45)). Calculate the greatest common factor of 17 and w.
17
Suppose -18 = -2*m + 22. What is the greatest common divisor of m and 20?
20
Let c = 7 + -4. Suppose q = 2*q - c. Suppose n - z - 13 = -6, -q*z = 2*n + 1. Calculate the greatest common factor of n and 10.
2
Let j = -39 - -51. What is the greatest common divisor of 12 and j?
12
Let s be (-75)/30*(0 - 4). Calculate the highest common factor of s and 160.
10
Let u be (12*2)/(2/3). Let c = 30 + -4. Let v = -14 + c. What is the greatest common divisor of u and v?
12
Let h(y) = 3*y**2 - 5*y + 4. Let t be h(4). Let m(x) = x**3 - 6*x**2 + 7*x - 6. Let c be m(5). What is the highest common factor of c and t?
4
Suppose 2*t = y + 29, t + t + 2*y - 32 = 0. Calculate the greatest common factor of t and 10.
5
Let d = 25 - -19. Calculate the greatest common divisor of d and 4.
4
Let g = -10 - -19. Suppose -3*l - 2*l + 135 = 0. Calculate the greatest common divisor of g and l.
9
Let p(n) = n**2 + 2*n + 12. Let d be p(-3). Suppose u + 2*v + 2*v = -5, -3*u = 4*v - 25. What is the greatest common divisor of u and d?
15
Suppose 0 = -3*m - 54 + 417. Calculate the highest common divisor of 11 and m.
11
Let w(u) = 1 - 2*u + 0 - 1. Let y be w(-8). Calculate the greatest common divisor of y and 40.
8
Let z(h) = h**3 - 5*h**2 + 3*h - 2. Let l be z(5). Suppose 2*c = -2*d + 226, -3*c + 5*c + 5*d - 214 = 0. What is the highest common divisor of l and c?
13
Let s = 215 + -181. Calculate the greatest common divisor of s and 85.
17
Suppose c - 43 = -4*q, -4*c + 277 = -3*q + 67. Suppose -2*k + c = k. What is the greatest common factor of k and 85?
17
Suppose -i + s = -51, -s - 2 = 2*i - 119. Calculate the highest common factor of i and 42.
14
Let u(o) = o**2 - 8*o + 8. Let b be u(5). Let f = b - -11. Let g = -86 + 130. Calculate the greatest common factor of g and f.
4
Let c be (-4)/22 + (-2863)/(-77). What is the greatest common factor of c and 37?
37
Let w(x) = -3*x**3 - 5*x**2 - 3*x. Let r be w(-2). Calculate the greatest common factor of r and 25.
5
Let f(c) = -9*c - 8. Let i be f(-6). Let n = 70 + i. Let g be (-4)/(-10) - n/(-10). Calculate the greatest common factor of 4 and g.
4
Let u = 14 - -11. Let i(p) = -p + 0 + 7 - 2 + p**2. Let s be i(0). What is the highest common divisor of u and s?
5
Suppose g = 5 - 3. Let c be 12/10 + g/(-10). Suppose -c = o - 7. What is the highest common divisor of o and 18?
6
Suppose 0*i = 2*i - 374. Let c = 15 - -2. What is the highest common divisor of i and c?
17
Let h(d) = -33*d - 4. Let z be h(-4). Let w = 16 + 0. Calculate the greatest common factor of z and w.
16
Let w be (-124)/(-4) + (-3)/(-1). What is the highest common factor of 85 and w?
17
Let c be (-23)/(-1)*(-2)/(-1). Suppose -2*o + 4*o - c = 0. Suppose -3*f + 188 = o. Calculate the greatest common factor of 11 and f.
11
Suppose 4*a - 12 = 2*j, 0 = -3*a + 5*j - 0*j - 5. Let z = -233 - -331. Suppose 2 + z = a*o. Calculate the highest common divisor of 4 and o.
4
Let m be ((-3)/(-6))/(2/((-24)/(-1))). Calculate the greatest common factor of m and 9.
3
Let d = 42 + -41. Calculate the greatest common divisor of d and 1.
1
Let j be (-252)/(-5) - (-4)/(-10). Let q be ((-2)/(-2))/(1/j). Suppose 2*n = -4*h + q, 85 = 5*h + 2*n - 7*n. What is the greatest common factor of h and 28?
14
Suppose -3*h - 3*v = -18, -v + 5 + 9 = 5*h. Let q be 22/2 - (1 - h). Calculate the greatest common divisor of 48 and q.
12
Let w(y) = -3*y - 29. Let j be w(-14). Let h be (-1 + 2)*(40 - 1). What is the highest common divisor of h and j?
13
Suppose 3*r = -u + 15, r = -2*r. Calculate the greatest common factor of u and 5.
5
Suppose z = -3*z + 12. Let s be 5 - (-2)/4*-6. Suppose -23 = -4*g + t, -s*g = -t - 10 - z. What is the highest common factor of 5 and g?
5
Suppose -20 = 4*s - 8*s. Suppose 4*c = s*v + 14, 2*c - c - 3*v = 0. Calculate the greatest common factor of 24 and c.
6
Suppose a + 219 = 4*p - 2*a, -2*p - 2*a = -92. What is the greatest common factor of 68 and p?
17
Suppose 4*c = 4*v - 28, 7*c = -v + 2*c - 11. Let d be v + 2 + -2 + 2. Suppose d = b - 5. What is the greatest common divisor of b and 44?
11
Suppose 0 = 5*s - 25, s = 3*d - s - 116. Let q = -5 - -11. Calculate the highest common factor of q and d.
6
Let o(h) = h**3 - 6*h**2 + 3*h - 5. Let x be o(6). Let v = 26 - 13. What is the greatest common factor of x and v?
13
Let f(j) = -j**3 - 11*j**2 + 12. Let l be f(-11). What is the greatest common divisor of l and 96?
12
Let u be -9 + 9 - (-22 + 0). Calculate the highest common divisor of u and 22.
22
Let v(c) = c**2 - 7*c + 8. Let u be v(7). What is the greatest common divisor of u and 40?
8
Let r(n) = 36*n. Let a be r(3). Let t = -14 - -26. Calculate the greatest common divisor of a and t.
12
Let o be 0 + -15 - (10 + -7). Let n = o + 68. What is the highest common factor of 20 and n?
10
Let t = 23 + 26. Let g(l) = -l**3 - 13*l**2 + 7. Let j be g(-13). Calculate the highest common divisor of t and j.
7
Suppose -2*h = -8, -w + 6*h + 129 = 2*h. Calculate the highest common factor of w and 29.
29
Let s = -4 - -6. Suppose 0 = -2*w - s*w + 140. Let n = -7 - -14. Calculate the greatest common factor of n and w.
7
Let x be (-73)/(-4) + 2/(-8). Calculate the greatest common factor of 54 and x.
18
Suppose 5*o - 196 - 264 = 0. Let y(j) = -22*j + 1. Let z be y(-1). Calculate the greatest common divisor of z and o.
23
Suppose 3*m = 5*m - 48. Suppose 2*k - 5*q = 37, 5*k - 3*q + 4*q = 25. Calculate the greatest common factor of m and k.
6
Suppose -3*m + 5 = p, 4*m + 102 = 5*p + 20. Let y = p + -6. What is the greatest common divisor of y and 88?
8
Suppose -4*w - 5*z + 13 = 0, w - z - 7 = -6*z. Suppose -w*n - 2*n = -24. What is the highest common divisor of n and 9?
3
Let r(c) = c**2 + 8*c + 15. Let v be (0 + -1)/(1/11). Let w be r(v). Calculate the greatest common divisor of 6 and w.
6
Suppose 3*d + 0 = 3*r - 21, 0 = -r - 3*d - 1. Calculate the greatest common divisor of r and 5.
5
Let m = 2 + 4. Suppose 1 = d - 1. Suppose -g - 6 = -d*g. Calculate the highest common divisor of g and m.
6
Suppose 7 = 3*p - 2*p. What is the highest common divisor of p and 77?
7
Suppose 5*f + 18 = 3*f + 5*c, 0 = -2*f - 4*c + 18. Let o(u) = -3 - f - 1 + 3*u. Let b be o(5). Calculate the highest common divisor of 10 and b.
10
Let d = -162 - -266. Suppose 2*u - 3*p - d = 0, -2*p + 4*p + 282 = 5*u. What is the highest common factor of 87 and u?
29
Let q be (-2)/(-4) + 26/4. Let w be (-2 - -4)*(-9)/6. Let l be (-22)/w - 5/15. Calculate the greatest common 